termine v(u).
-6
Let n be (5 + (13 - 5) - 8)*4. Let y(a) = 2*a**2 - 39*a - 27. Give y(n).
-7
Let q(j) = 2*j**3 - 17*j**2 - 28*j - 30. Let m be q(10). Let k(d) = -d - 11. Give k(m).
-1
Let u(j) = 3*j + 9. Suppose 1 = 3*i + 19. Give u(i).
-9
Let h(k) be the first derivative of k**2/2 - k + 1. Suppose 12*u + 41 + 19 = 0. Give h(u).
-6
Let s(k) = -k**3 + 17*k**2 - 16*k - 4. Let p = -573 + 589. Calculate s(p).
-4
Let f(a) = -a**2 - 6*a - 7. Let n be (-20)/6 - 6/9. Let v be (1/3)/(n/60). Determine f(v).
-2
Let i(k) = -19*k + 883. Let b be i(47). Let r(a) = -a**2 - 10*a + 5. Calculate r(b).
5
Let u(n) = n**3 - 17*n**2 + 16*n. Suppose 10*q + 605 = 765. Give u(q).
0
Let d(f) = f**3 + 12*f**2 - f - 11. Suppose 0 = 3*j + 3*j - 18. Suppose -3*n = -5*a + 56, -j*n + 5*a - 32 = 6*a. Calculate d(n).
1
Let b be (11/(-22))/(5/(-10)). Let u(s) = -8*s**2 - 2*s + 0 + 2 - 1. What is u(b)?
-9
Let k be (-8)/(-20) + ((-528)/(-20))/4. Suppose -4*b + k*b = -5*o, 4*b = -2*o. Let s(u) = -4 - 2*u + 4*u - u. Determine s(o).
-4
Let z be (-150)/(-39) + 8/52. Let c(l) be the third derivative of 0*l - 4/3*l**3 - 1/60*l**5 + 1/4*l**4 + 0 + z*l**2. Give c(6).
-8
Let a be (-34)/4*2*1. Let z = a + 24. Let y(u) = -u**3 + 6*u**2 + 7*u - 2. Give y(z).
-2
Let p(a) = -a**3 - a**2 + a + 1. Let z(g) be the second derivative of g**5/10 - g**4/4 - 5*g**3/6 - 2*g**2 + 9*g. Let h(b) = -p(b) - z(b). Give h(5).
-2
Let a(h) be the third derivative of -7*h**4/24 - h**3/3 - 5*h**2 - 16*h. Determine a(-1).
5
Let g be (-1 + 0)/(2/6). Suppose 16 + 4 = 5*j. Let x(v) = -4*v + j + 0*v - v**2 + v. What is x(g)?
4
Let o(v) = v**2 + 5*v + 5. Suppose 2*t - 6*t + 8 = 0. Suppose i + 7 = u - 0*u, 3*i + 18 = t*u. Let a be 1*-6 - (-6)/u. Calculate o(a).
1
Let s(h) be the third derivative of h**5/60 - h**4/8 + h**3/3 + 31*h**2. Give s(3).
2
Let p = 361 + -355. Let i(a) = -a**2 + 9*a - 2. Give i(p).
16
Let q(y) = -2 - 6*y**2 + 12768*y - 3 - 12763*y. Determine q(1).
-6
Suppose 2*s + 2 = 4*i, -2*s + 5*s - i = -3. Let w(n) = 23*n**3 + n**2 + 2*n + 1. Calculate w(s).
-23
Let a = -2 - 2. Let y(r) = -r**3 - 4*r**2 - r + 2. Let f be y(a). Let w(l) = 2601*l + 6 - 5*l**2 + l**3 - 1 - 2607*l. What is w(f)?
5
Let f(h) = -11*h + 210. Let b be f(19). Let r(d) = 2*d + 1. Calculate r(b).
3
Suppose 0 = -5*y - g + 5*g + 37, -4*y + 5 = 5*g. Let k(j) be the second derivative of -3*j - 1/20*j**y + 1/4*j**4 + 0 + 0*j**2 + 5/6*j**3. Calculate k(4).
4
Let v(l) be the second derivative of -5*l**4/6 - l**3/3 + l**2/2 - 7*l. Suppose -2 = -14*c + 12*c. Give v(c).
-11
Let t(z) = z - 1. Let s(j) = -j**2 + 6*j - 1. Let f be s(5). What is t(f)?
3
Let l(v) be the second derivative of -v**5/20 + 5*v**4/12 + 7*v**3/6 - 2*v**2 + 123*v. What is l(6)?
2
Let m(z) = -20 + 19*z + 7*z**2 + 11 - 6. Let o(v) = -13*v**2 - 37*v + 30. Let x(a) = -11*m(a) - 6*o(a). Determine x(-14).
-1
Let f(r) = r**3 + 3 - 1 - 4*r - 3*r - 8*r**2 - r + 17*r**2. What is f(-10)?
-18
Let y(b) = 4*b**3 - 2*b - 1. Suppose 8 = 23*h - 38. Calculate y(h).
27
Suppose -3*x + x = -5*t + 32, 2*t + x - 11 = 0. Let o(g) = 5*g + 4. What is o(t)?
34
Let q(j) = 2*j**3 + 2*j**2 - j - 1. Suppose -2*x + 9 = 5*l - 0*l, 5*x = -5*l. Give q(x).
-34
Let q(h) be the first derivative of -h**4/12 - h**3 + h**2 + 17*h + 30. Let i(k) be the first derivative of q(k). Calculate i(-6).
2
Suppose 0 = -t + 2*t + 3, -9 = -3*n + t. Suppose 5*h + w + 31 = 0, -4*h + n - 18 = 3*w. Let b(p) = p + 10. Determine b(h).
3
Let n(q) = 4*q**3 + 7*q**2 - 4*q + 2. Let l(c) = 8*c**3 + 15*c**2 - 9*c + 5. Let y(p) = 4*l(p) - 9*n(p). Calculate y(-2).
22
Let i be -13 + 1104/72 - (-1)/(-3). Let f(y) be the first derivative of 1/2*y**2 - 1/2*y**4 + 1/3*y**3 - i + y. Calculate f(-1).
3
Let w(h) = 5*h + 0*h**2 + 4 - 2*h + h**2. Let v be w(-4). Let f(g) = -g**3 + 8*g**2 + g - 11. What is f(v)?
-3
Let d(q) = 4*q - 10. Let m be (-40)/16*-6 - 5. Give d(m).
30
Let v(y) = y**3 - 4*y**2 - 3*y + 5. Let g = -100 + 105. What is v(g)?
15
Suppose 8 = 4*v, -z + 0*v = -5*v + 7. Let y(a) be the third derivative of 0*a + 0 + 1/3*a**4 + a**2 + 0*a**z. Give y(-1).
-8
Suppose -76*w = -43*w - 33. Let u(v) = 24*v**2 + v - 1. Calculate u(w).
24
Let x be (-8)/(-4) - (1 + 1). Let f(b) = 13*b**2 + x - 21*b**2 + 1. Determine f(-1).
-7
Let h(u) be the third derivative of u**4/3 - u**3/3 + 6*u**2. Let k(a) = -15*a + 4. Let q(l) = 11*h(l) + 6*k(l). Calculate q(7).
-12
Let n(m) = 9*m. Let f be -9 + 805/91 - (-15)/13. Determine n(f).
9
Let j(u) = -7*u - 10 + 8*u - 3*u + 0*u + u. What is j(-8)?
-2
Let a(k) = -3*k**2 + k - 9. Let p(i) = 2*i**2 + 5. Let u(w) = 4*a(w) + 7*p(w). Give u(-3).
5
Let q(r) = 3*r**2. Let t(s) = s + 14. Let j be t(-11). Let z(d) = -10*d**2 + 2*d - 10*d + d**j - 2*d - 12. Let g be z(11). Give q(g).
3
Let v(s) = -s**3 - 3*s**2 + 18*s - 3. Let w(i) = i**3 + 4*i**2 - 20*i + 3. Let j(f) = 6*v(f) + 5*w(f). Calculate j(5).
-38
Let t(o) = -o**2 + o + 14. Let v(d) = d**3 - 45*d**2 - 94*d - 3. Let f be v(47). Determine t(f).
2
Let j be 7 - (-6 - -10 - 3). Let c(g) = -g**3 + 3*g**2 + 16*g - 7. Give c(j).
-19
Let j(o) = 39*o**2 + 14*o + 12. Let h(x) = 19*x**2 + 6*x + 5. Let r(g) = -5*h(g) + 2*j(g). What is r(-1)?
-16
Let s(b) = b - 4. Let f be s(3). Let q(t) = -8*t. What is q(f)?
8
Let o = -5 - -11. Suppose 7*r + 6 = 10*r. Let n(f) = 4 + r*f**2 + 4*f**2 - 5*f**2 + o*f. Calculate n(-3).
-5
Suppose 4*m - 6 = -l, -5*m + 45 = 37*l - 42*l. Let j(f) = -f**3 - 5*f**2 + 2*f + 6. Give j(l).
30
Let n(m) = -5*m**3 + 2*m + 1. Let k(u) = u**2 + 2*u - 6. Let p be k(3). Suppose p*w - 4*w - 4 = -b, -3*b - 7 = -4*w. Determine n(b).
4
Let g(n) = 66*n + 58*n + 16*n**2 - 123*n. Calculate g(-1).
15
Let s(i) = i - 3. Let q be (-6)/(-15) + (-46)/(-10). Let g be s(q). Let f(n) = 5 + g - 2*n - 2 - 2*n**2 - 2. Give f(2).
-9
Let x(i) = -2*i**3 + 6 + 0*i**3 + i**2 - i + i**3 - 4. Let a = -18 + 20. Suppose 0 = a*h + 3*h. What is x(h)?
2
Let x(k) = 121 + k + k**2 - 7*k**2 - 128 + 0*k**3 + 3*k**2 - 2*k**3. Calculate x(-3).
17
Let y(v) = -2*v**3 - 3*v**2 - 4*v - 3. Let f be ((-3)/(-6))/((-6)/(-60)). Suppose -2*x = f*x + 14. What is y(x)?
9
Let t = 67 - 60. Let v = t - 5. Let i(d) = -d**2 - 2*d. What is i(v)?
-8
Let s = 140 - 135. Let l(b) = -b**3 + 4*b**2 + 6*b + 4. Give l(s).
9
Let s(b) = 11*b - 10. Let v be s(2). Let z(g) = v - g - g**2 - 31 + 16. Calculate z(0).
-3
Let b(j) be the first derivative of 2*j**2 - 4*j + 226. Determine b(2).
4
Let w(z) = z**3 + 6*z**2 + z - 3. Let q(m) = -m**2 + 5*m + 32. Let p be q(8). Suppose 0 = -t + p*t + 42. Determine w(t).
-9
Let t(c) be the second derivative of -c**5/20 - c**4 + 7*c**3/3 - 8*c**2 + 153*c - 1. Calculate t(-13).
-29
Let w(o) = o**2 - 3*o + 1. Let s be (3/3 - 0) + 2. Suppose -2*c - s*c = 40. Let u be 64/c*1/(-2). Give w(u).
5
Suppose 4*p - 2 = -5*j - 3, 13 = -j - 4*p. Let m(a) = 11*a + 10*a**j - 1 + a**2 - 9*a + 2. Let g(i) = i**3 + 7*i**2 + i + 6. Let u be g(-7). Determine m(u).
-10
Let f(u) be the third derivative of u**9/60480 + u**8/2880 - u**7/560 - u**6/240 - u**5/15 - 14*u**2. Let b(a) be the third derivative of f(a). Determine b(-8).
5
Let o(r) be the first derivative of r**5/20 + 5*r**4/12 + r**3/3 + 2*r**2 + 8*r - 6. Let p(s) be the first derivative of o(s). Determine p(-5).
-6
Let p(q) = 4*q - 4. Let n(s) = -11*s + 11. Let g(w) = 3*n(w) + 8*p(w). Let v be g(-5). Let k(t) = -2*t - 8*t + 5*t - 9 + 10 + 4*t. Give k(v).
-5
Let f(y) = -y**2 + 9*y + 5. Let i(t) = 4*t**3 + 3*t**2 - 3*t + 1. Let c(b) = 3*b**3 + 2*b**2 - 3*b + 1. Let r(u) = 5*c(u) - 4*i(u). Let h be r(-2). Give f(h).
19
Let j(p) be the third derivative of -p**4/12 - 11*p**2. Let d(q) = q**2 - 16*q + 2. Let c(l) = d(l) - 5*j(l). Let n be (-20)/(-6) - (-2)/3. Give c(n).
-6
Let a(z) = -104*z**2 - 7 - 5*z - 6 - 5*z + 103*z**2. Give a(-7).
8
Let g(f) = -6*f**3 - 7*f**2 - 9*f - 2. Suppose -5*s + 9 = -26. Let h(z) = -5*z**3 - 7*z**2 - 9*z - 2. Let i(x) = s*h(x) - 6*g(x). Give i(8).
-10
Let a(c) = 15*c**2 - 11 - 40*c**2 - c**3 + 26*c**2. Calculate a(0).
-11
Suppose 0 = -2*o - o - 24. Let d be o/16*0/(-2). Let z(r) be the third derivative of -r**6/120 - r**5/60 + r**3/6 - 4*r**2. Determine z(d).
1
Let f be (32/(-6))/(8/(-12)). Suppose f*b - 16 = 4*b. Let h(q) = -q**2 + 2*q + 2. Determine h(b).
-6
Let l(i) = -2*i. Suppose 0 = 108*n - 111*n + 3*v + 21, n = -v + 5. Give l(n